s of 963.
3, 107
List the prime factors of 15225.
3, 5, 7, 29
List the prime factors of 19880.
2, 5, 7, 71
What are the prime factors of 15805?
5, 29, 109
List the prime factors of 2958.
2, 3, 17, 29
List the prime factors of 1386.
2, 3, 7, 11
List the prime factors of 6138.
2, 3, 11, 31
What are the prime factors of 47651?
17, 2803
List the prime factors of 28416.
2, 3, 37
List the prime factors of 769.
769
List the prime factors of 1201.
1201
What are the prime factors of 23444?
2, 5861
List the prime factors of 128259.
3, 14251
What are the prime factors of 10105?
5, 43, 47
What are the prime factors of 1522?
2, 761
List the prime factors of 997.
997
What are the prime factors of 69876?
2, 3, 647
List the prime factors of 84080.
2, 5, 1051
List the prime factors of 7043.
7043
List the prime factors of 21785.
5, 4357
What are the prime factors of 18684?
2, 3, 173
List the prime factors of 3142.
2, 1571
What are the prime factors of 6504?
2, 3, 271
What are the prime factors of 10907?
13, 839
List the prime factors of 1386.
2, 3, 7, 11
List the prime factors of 2596.
2, 11, 59
List the prime factors of 17687.
23, 769
List the prime factors of 50796.
2, 3, 17, 83
What are the prime factors of 2651?
11, 241
List the prime factors of 3722.
2, 1861
What are the prime factors of 7912?
2, 23, 43
List the prime factors of 3727.
3727
What are the prime factors of 3422?
2, 29, 59
List the prime factors of 51454.
2, 13, 1979
What are the prime factors of 3649?
41, 89
List the prime factors of 19487.
13, 1499
What are the prime factors of 31899?
3, 7, 31
What are the prime factors of 2631?
3, 877
List the prime factors of 7262.
2, 3631
What are the prime factors of 2680?
2, 5, 67
What are the prime factors of 5551?
7, 13, 61
List the prime factors of 9806.
2, 4903
What are the prime factors of 14465?
5, 11, 263
List the prime factors of 3598.
2, 7, 257
List the prime factors of 27454.
2, 7, 37, 53
List the prime factors of 779.
19, 41
What are the prime factors of 19972?
2, 4993
List the prime factors of 1733.
1733
What are the prime factors of 28317?
3, 9439
List the prime factors of 4659.
3, 1553
List the prime factors of 13763.
13763
What are the prime factors of 1565?
5, 313
List the prime factors of 2338.
2, 7, 167
What are the prime factors of 15471?
3, 191
List the prime factors of 589.
19, 31
List the prime factors of 2350.
2, 5, 47
List the prime factors of 6952.
2, 11, 79
List the prime factors of 62075.
5, 13, 191
List the prime factors of 32629.
67, 487
What are the prime factors of 1156?
2, 17
What are the prime factors of 29955?
3, 5, 1997
List the prime factors of 68229.
3, 7, 19
List the prime factors of 33395.
5, 6679
What are the prime factors of 623?
7, 89
List the prime factors of 13533.
3, 13, 347
List the prime factors of 93050.
2, 5, 1861
List the prime factors of 7495.
5, 1499
What are the prime factors of 3048?
2, 3, 127
What are the prime factors of 174?
2, 3, 29
What are the prime factors of 37800?
2, 3, 5, 7
What are the prime factors of 8533?
7, 23, 53
What are the prime factors of 1610?
2, 5, 7, 23
What are the prime factors of 4253?
4253
What are the prime factors of 3008?
2, 47
What are the prime factors of 4831?
4831
What are the prime factors of 54008?
2, 43, 157
List the prime factors of 51686.
2, 43, 601
List the prime factors of 10407.
3, 3469
What are the prime factors of 400?
2, 5
List the prime factors of 5600.
2, 5, 7
What are the prime factors of 404?
2, 101
List the prime factors of 55085.
5, 23, 479
List the prime factors of 9101.
19, 479
List the prime factors of 30733.
73, 421
What are the prime factors of 124315?
5, 23, 47
List the prime factors of 19283.
11, 1753
List the prime factors of 68.
2, 17
What are the prime factors of 365?
5, 73
What are the prime factors of 996?
2, 3, 83
List the prime factors of 2613.
3, 13, 67
What are the prime factors of 6217?
6217
What are the prime factors of 688?
2, 43
List the prime factors of 4015.
5, 11, 73
What are the prime factors of 145?
5, 29
List the prime factors of 31537.
11, 47, 61
What are the prime factors of 6962?
2, 59
List the prime factors of 2052.
2, 3, 19
What are the prime factors of 39145?
5, 7829
List the prime factors of 669.
3, 223
What are the prime factors of 501?
3, 167
What are the prime factors of 46543?
7, 61, 109
What are the prime factors of 466?
2, 233
List the prime factors of 818.
2, 409
List the prime factors of 2373.
3, 7, 113
List the prime factors of 4248.
2, 3, 59
List the prime factors of 32509.
19, 29, 59
List the prime factors of 55473.
3, 11, 41
What are the prime factors of 51034?
2, 17, 19, 79
What are the prime factors of 1465?
5, 293
List the prime factors of 916.
2, 229
List the prime factors of 943.
23, 41
List the prime factors of 97662.
2, 3, 41, 397
List the prime factors of 4302.
2, 3, 239
What are the prime factors of 1136?
2, 71
What are the prime factors of 26451?
3, 2939
List the prime factors of 4658.
2, 17, 137
List the prime factors of 9558.
2, 3, 59
List the prime factors of 179060.
2, 5, 7, 1279
List the prime factors of 2517.
3, 839
What are the prime factors of 425?
5, 17
What are the prime factors of 24?
2, 3
List the prime factors of 53424.
2, 3, 7, 53
List the prime factors of 1375.
5, 11
What are the prime factors of 850?
2, 5, 17
List the prime factors of 650.
2, 5, 13
What are the prime factors of 19699?
19699
What are the prime factors of 10293?
3, 47, 73
What are the prime factors of 2470?
2, 5, 13, 19
List the prime factors of 5233.
5233
List the prime factors of 32509.
19, 29, 59
List the prime factors of 56754.
2, 3, 1051
What are the prime factors of 607?
607
What are the prime factors of 1646?
2, 823
List the prime factors of 655.
5, 131
List the prime factors of 89242.
2, 44621
List the prime factors of 34661.
11, 23, 137
List the prime factors of 420.
2, 3, 5, 7
What are the prime factors of 85378?
2, 42689
What are the prime factors of 64?
2
What are the prime factors of 13175?
5, 17, 31
What are the prime factors of 1080?
2, 3, 5
What are the prime factors of 928?
2, 29
What are the prime factors of 40043?
23, 1741
What are the prime factors of 7148?
2, 1787
List the prime factors of 1730.
2, 5, 173
What are the prime factors of 2050?
2, 5, 41
List the prime factors of 18156.
2, 3, 17, 89
What are the prime factors of 61501?
11, 5591
List the prime factors of 604.
2, 151
What are the prime factors of 1897?
7, 271
List the prime factors of 72403.
17, 4259
List the prime factors of 38077.
13, 29, 101
List the prime factors of 57067.
149, 383
List the prime factors of 4880.
2, 5, 61
What are the prime factors of 1534?
2, 13, 59
List the prime factors of 12866.
2, 7, 919
What are the prime factors of 11007?
3, 1223
What are the prime factors of 606?
2, 3, 101
List the prime factors of 941.
941
List the prime factors of 1428.
2, 3, 7, 17
List the prime factors of 268.
2, 67
What are the prime factors of 9823?
11, 19, 47
List the prime factors of 269.
269
What are the prime factors of 162308?
2, 40577
What are the prime factors of 201690?
2, 3, 5, 83
List the prime factors of 3037.
3037
List the prime factors of 10711.
10711
What are the prime factors of 86887?
17, 19, 269
What are the prime factors of 136287?
3, 19, 797
What are the prime factors of 72733?
72733
List the prime factors of 91688.
2, 73, 157
List the prime factors of 20941.
43, 487
List the prime factors of 75408.
2, 3, 1571
What are the prime factors of 4796?
2, 11, 109
List the prime factors of 11397.
3, 29, 131
What are the prime factors of 66635?
5, 13327
List the prime factors of 3318.
2, 3, 7, 79
List the prime factors of 147.
3, 7
What are the prime factors of 36056?
2, 4507
What are the prime factors of 4776?
2, 3, 199
List the prime factors of 5012.
2, 7, 179
List the prime factors of 157.
157
What are the prime factors of 1692?
2, 3, 47
List the prime factors of 7431.
3, 2477
List the prime factors of 11897.
11897
List the prime factors of 652.
2, 163
List the prime factors of 1607.
1607
List the prime factors of 769.
769
List the prime factors of 3011.
3011
List the prime factors of 169944.
2, 3, 73, 97
List the prime factors of 8369.
8369
List the prime factors of 7103.
7103
List the prime factors of 4562.
2, 2281
